ose -5*d + m + 2 = 0. Let a(s) = -26*s + 4. What is the remainder when a(-3) is divided by d?
14
Let m = 1152 + -1092. What is the remainder when m is divided by 33?
27
Let n be 1*(-3)/((-9)/(-21)). What is the remainder when -1 - (79/3)/(n/21) is divided by 16?
14
Suppose k - 2 = -i, -i = 5*k + 13 - 3. Suppose -i*v + 2*v = -6. Calculate the remainder when 4 is divided by v.
0
Let h be 2/2 - 2 - -1. Suppose -9*z + 98 + 127 = h. What is the remainder when z is divided by 7?
4
Suppose f + 4*f - 150 = 0. Let q(h) = -h**2 - 16*h + 1. Suppose 0 = 2*z - 8*z - 90. Calculate the remainder when f is divided by q(z).
14
Suppose -4*t + 5*t = -6*r + 402, 0 = 2*t + 4*r - 788. Calculate the remainder when t is divided by 56.
54
Let v = 102 + -141. Let z = v - -69. Calculate the remainder when z is divided by 8.
6
Let z be 32/14 - (-4)/(-14). Let v(o) = -2*o - 2. Let t be v(z). Let r = 75 - t. What is the remainder when r is divided by 21?
18
Suppose 101 = 4*m - d, 0 = -2*m + d + 19 + 30. What is the remainder when 65 is divided by m?
13
Suppose -3*o - 221 = -2*d + 212, -3*o = 9. What is the remainder when d is divided by 9?
5
Suppose 5*u = -0*u + 1535. Let v = -200 + u. What is the remainder when v is divided by 27?
26
Let h be 28/(-98) - -1*44/7. Suppose h = 2*y - 18. Calculate the remainder when y is divided by 8.
4
Suppose f - 24 = -f. Let k(b) = b**2 + f - 3*b + 5*b + 6*b - 2*b. What is the remainder when 75 is divided by k(-7)?
18
Let q = -213 + 121. Let r = 113 + q. Calculate the remainder when 38 is divided by r.
17
Suppose 7*d - 22 = 27. Suppose -8 = -q - z, -5*q + d*q + 4*z - 18 = 0. What is the remainder when 24 is divided by q?
3
Suppose -66 = -f - f. Let x(j) be the third derivative of -3*j**4/4 + j**2. Calculate the remainder when f is divided by x(-1).
15
Let a(w) = -2*w**2 + 11*w - 4. Let g be a(7). Let t = 25 + g. Suppose 4*v + t*v = 2*s + 16, 2*v - 2*s = 10. What is the remainder when v is divided by 2?
1
Suppose -15 = -5*h - 5*k, -2*h + 11 = 3*h + k. Let f be 2 - (17 + 2 + h). Let a = -9 - f. What is the remainder when 36 is divided by a?
6
Suppose 2*c + x - 5 = 0, -83 = 3*c + 3*x - 92. What is the remainder when 23 is divided by c?
1
Let i(b) be the second derivative of -41*b**3/6 + 10*b**2 - 66*b. Suppose 0 = -5*w + 48 + 82. Calculate the remainder when i(-2) is divided by w.
24
Suppose 71*a = 56*a + 2040. What is the remainder when a is divided by 9?
1
Let u = -67 + 114. Let g = u + -21. Calculate the remainder when 102 is divided by g.
24
Let o = 407 + -383. Calculate the remainder when 70 is divided by o.
22
Suppose 2*u - 79 = 5*a - 391, -u - 63 = -a. Calculate the remainder when a is divided by 39.
23
Suppose -5*w - s = -197, 0*w + 3*s = 4*w - 169. Suppose p = -p + w. Let d = 1326 + -1249. What is the remainder when d is divided by p?
17
Calculate the remainder when 2752 + 1 + (-120)/(-24) is divided by 20.
18
Suppose -16*z + 199 + 393 = 0. What is the remainder when 67 is divided by z?
30
What is the remainder when 87 is divided by (-41 + 40)/((-2)/74)?
13
Let i(w) = -w**3 + 4*w**2 + 2*w - 3. Suppose -10*s = -8*s - 8. Suppose a + a = 18. What is the remainder when a is divided by i(s)?
4
Calculate the remainder when 1 + 170 - -6*(-4)/8 is divided by 57.
54
Let y be 1 + -78 + (-6)/3. Let i = -18 - y. Suppose 0 = 3*o - 58 + 10. What is the remainder when i is divided by o?
13
Suppose 70 = 8*y - 74. Suppose -10 + y = 2*g. Suppose -g*z + 99 + 5 = 0. What is the remainder when z is divided by 14?
12
Let f = -78 + 85. Suppose -x = 4*m - 10, m + 4 = -4*x - 1. Let d = 25 - x. What is the remainder when d is divided by f?
6
Calculate the remainder when 14 is divided by ((-616)/(-60))/2 + 4/(-30).
4
Suppose -5*c - u = -23, 2*c - u - 1 = 11. What is the remainder when 26 is divided by c?
1
Let d(g) = 46*g**2 - g. What is the remainder when 76 is divided by d(1)?
31
Suppose 4 - 8 = 2*m. Let r(g) = -18*g - 12. What is the remainder when 213 is divided by r(m)?
21
Suppose -17 = -6*l + 1. Suppose b - 50 - 61 = l*f, 0 = b + 4*f - 132. What is the remainder when b is divided by 31?
27
What is the remainder when (-25716)/(-44) - 4/22*-3 is divided by 156?
117
Let o(q) = 2*q**3 + 10*q**2 - 6*q - 5. Let h be o(-5). Let x = 41 - h. What is the remainder when 46 is divided by x?
14
Let j(v) = v + 2. Let m be j(-1). Let k be (m - 4) + (-43)/(-1). Let w = -22 + k. Calculate the remainder when 69 is divided by w.
15
What is the remainder when (9 - 6)*1 + 32 is divided by 3?
2
Let l = 4 - 4. Let b = -12 - -17. Suppose 2*y - b*y + 78 = l. Calculate the remainder when y is divided by 9.
8
Let t be 4/(-10) + (-604)/(-10). Suppose -27*p + 16 = -92. Suppose t + 12 = p*a. What is the remainder when a is divided by 5?
3
Let q be 0 - 1 - (-42 - -6). Let y(o) = 7*o**2 - 15*o - 5. Let w be y(-5). Suppose -q = 6*g - w. What is the remainder when 67 is divided by g?
32
Suppose 2*u = -2*h - 2, 0 = -u + 4*h - 2*h - 1. Calculate the remainder when 9/(36/4)*25 is divided by (-3)/(2/6*u).
7
Let z(j) = -8*j + 9. Let m(i) = -7*i + 8. Let g(u) = 3*m(u) - 2*z(u). Calculate the remainder when 19 is divided by g(0).
1
Suppose 2*o - 13 + 15 = 0, 2*u - 4*o = 200. Calculate the remainder when u is divided by 28.
14
Suppose -3*i + 5*d - 6 - 17 = 0, -5*i = -4*d + 21. Let s(y) = -5*y + 1. Let p be s(i). Suppose p + 9 = x. What is the remainder when 41 is divided by x?
11
Let c = 18 - 11. What is the remainder when 1375/105 - (-4)/(-42) is divided by c?
6
Suppose -8*m = -13 - 115. Calculate the remainder when 573 is divided by m.
13
Let l = 108 - -29. Let x = -44 - -46. Suppose 3*a + x*g = 111, 3*a - 74 = 4*g + 19. What is the remainder when l is divided by a?
32
Let r(d) = 4*d - 41. Let a be r(11). Suppose t - 55 = b - 5*b, 3*t + 30 = a*b. Calculate the remainder when 23 is divided by b.
10
Suppose 0 = 2*c + 3*s - 189, -8*s + 6*s = -10. What is the remainder when c is divided by 23?
18
Let r be ((-8)/(-6))/(13/39). Suppose q = -1 - r. Let d = q + 12. What is the remainder when d is divided by 3?
1
Let x(v) = -v**3 - 13*v**2 - 12*v + 39. Let n be x(-12). Suppose 4*i - s - 84 = 0, -123 + n = -5*i - 4*s. What is the remainder when i is divided by 13?
7
Let v = -1 - -6. Suppose -5*p = c - 23, 0 = 2*p - p + 5*c + v. Suppose -p*b + 54 = 3*a, -b + 54 = a + 2*a. What is the remainder when 70 is divided by a?
16
Let b be 189 + (1 + -1 - -1). Suppose -3*j + 8*j + h - 190 = 0, 5*j = -3*h + b. Suppose 0 = -68*r + 60*r + 80. What is the remainder when j is divided by r?
8
Suppose 2*r + 104 = 3*k, 3*k + 210 = 9*k - 3*r. Calculate the remainder when k is divided by 15.
6
What is the remainder when 175 is divided by (-307)/(-7) - (35/49)/(-5)?
43
Suppose -40*v = -54*v + 28. What is the remainder when 334 is divided by v?
0
Suppose 3*i - 8*i = 2*a - 10, 2*a - 10 = -4*i. Suppose -4*h + 0*h - 5*n = -16, i = 2*h + n - 8. What is the remainder when 0 + (-2 - -1)*-13 is divided by h?
1
Let o = 10 - 11. What is the remainder when 48*o*(-1)/2 is divided by 14 + 2*1/(-2)?
11
Let l be 11/3 + (4/(-6) - -1). Suppose -b - 30 = -l*b. Calculate the remainder when 39 is divided by b.
9
What is the remainder when (-27)/189 - (-5778)/21 is divided by 88?
11
What is the remainder when 156 is divided by 3/7*(-119)/(-17) + 27?
6
Let s be (-4)/14 + (-4)/56*-956. Let q be (-1 + 2)/((-1)/37). Let y = q + s. Calculate the remainder when y is divided by 8.
7
Suppose 4*v - 403 = -391. Suppose -5*i + 212 = 3*y, -132 = -5*i + 2*i - v*y. What is the remainder when 78 is divided by i?
38
Let q(t) = 5*t**2 - 4*t. Let b(y) = -50*y - 7. Let z(d) = d. Let u(p) = b(p) - 2*z(p). What is the remainder when u(-2) is divided by q(3)?
31
Let u = -30 - -27. Let y(f) = -12*f - 9. Suppose 0*k - 4*k = -208. Calculate the remainder when k is divided by y(u).
25
Let v = 75 + -259. What is the remainder when 23 is divided by 16 + (-4)/(-14) + v/56?
10
What is the remainder when (3 + -1)*324/27 is divided by 15?
9
Let b(u) = -5*u + 0*u**3 - 9*u**2 - 7*u + 7 + 0*u**2 + u**3. Calculate the remainder when b(11) is divided by 12.
9
What is the remainder when 1/2 + (-7261)/(-106) is divided by 20?
9
Let t = -1417 + 1439. What is the remainder when 297 is divided by t?
11
Let t be 2 - 8 - (-1 - 1). Let z(q) = -q - 1. What is the remainder when z(t) is